ors of 3313393?
151, 21943
What are the prime factors of 6292849?
37, 53, 3209
List the prime factors of 249098.
2, 59, 2111
List the prime factors of 76448.
2, 2389
List the prime factors of 604594.
2, 302297
List the prime factors of 893290.
2, 5, 89329
List the prime factors of 11298411.
3, 41, 67, 457
What are the prime factors of 11393739?
3, 7, 223, 811
What are the prime factors of 12196904?
2, 1524613
List the prime factors of 4368010.
2, 5, 436801
What are the prime factors of 4292670?
2, 3, 5, 17, 19, 443
What are the prime factors of 7584672?
2, 3, 41, 47
What are the prime factors of 1079660?
2, 5, 37, 1459
List the prime factors of 951962.
2, 11, 43271
List the prime factors of 195943.
11, 47, 379
List the prime factors of 28351235.
5, 11, 515477
List the prime factors of 166701.
3, 181, 307
What are the prime factors of 357432?
2, 3, 53, 281
What are the prime factors of 6162461?
37, 151, 1103
List the prime factors of 16127149.
83, 2341
List the prime factors of 90036.
2, 3, 41, 61
List the prime factors of 25285.
5, 13, 389
List the prime factors of 24921814.
2, 79, 157733
What are the prime factors of 432230?
2, 5, 43223
List the prime factors of 9761557.
13, 617, 1217
What are the prime factors of 12398620?
2, 5, 13, 43, 1109
What are the prime factors of 19517055?
3, 5, 43, 30259
List the prime factors of 1145745.
3, 5, 23, 41
What are the prime factors of 965111?
7, 137873
What are the prime factors of 2203795?
5, 11, 17, 2357
List the prime factors of 2056302.
2, 3, 71, 1609
What are the prime factors of 170916?
2, 3, 14243
List the prime factors of 261594.
2, 3, 14533
List the prime factors of 163365.
3, 5, 10891
List the prime factors of 4802933.
37, 271, 479
What are the prime factors of 306681?
3, 151, 677
What are the prime factors of 947977?
37, 25621
List the prime factors of 3121393.
11, 283763
List the prime factors of 6220646.
2, 31, 100333
What are the prime factors of 2390047?
11, 17, 12781
What are the prime factors of 993403?
947, 1049
What are the prime factors of 756102?
2, 3, 23, 5479
List the prime factors of 6968.
2, 13, 67
What are the prime factors of 608265?
3, 5, 7, 1931
List the prime factors of 10003075.
5, 400123
What are the prime factors of 34539359?
17, 19, 61, 1753
List the prime factors of 1199445.
3, 5, 13, 6151
What are the prime factors of 4678967?
4678967
List the prime factors of 17078741.
17078741
What are the prime factors of 109647?
3, 31, 131
What are the prime factors of 3307833?
3, 157, 2341
List the prime factors of 245408.
2, 7669
List the prime factors of 45109.
79, 571
What are the prime factors of 2744621?
11, 59, 4229
List the prime factors of 208280.
2, 5, 41, 127
List the prime factors of 9597225.
3, 5, 11, 11633
What are the prime factors of 259135?
5, 51827
What are the prime factors of 1621853?
53, 71, 431
List the prime factors of 445019.
445019
What are the prime factors of 1673222?
2, 836611
What are the prime factors of 1141137?
3, 103, 1231
List the prime factors of 331021.
47, 7043
List the prime factors of 649577.
649577
What are the prime factors of 22415639?
17, 23, 57329
List the prime factors of 2203521.
3, 419, 1753
What are the prime factors of 352972?
2, 79, 1117
List the prime factors of 172460.
2, 5, 8623
What are the prime factors of 273048?
2, 3, 31, 367
List the prime factors of 394267.
43, 53, 173
What are the prime factors of 6467044?
2, 193, 8377
What are the prime factors of 2338008?
2, 3, 61, 1597
List the prime factors of 13390261.
13390261
List the prime factors of 14964318.
2, 3, 17, 16301
List the prime factors of 4286304.
2, 3, 11, 41
What are the prime factors of 1281314?
2, 43, 47, 317
What are the prime factors of 10363793?
11, 942163
What are the prime factors of 37024367?
37024367
What are the prime factors of 2327350?
2, 5, 89, 523
What are the prime factors of 115670?
2, 5, 43, 269
What are the prime factors of 29469599?
2131, 13829
List the prime factors of 416882.
2, 208441
What are the prime factors of 633969?
3, 7, 29, 347
What are the prime factors of 19469385?
3, 5, 13, 23, 1447
List the prime factors of 992301.
3, 330767
List the prime factors of 865766.
2, 11, 23, 29, 59
List the prime factors of 455810.
2, 5, 19, 2399
What are the prime factors of 538840?
2, 5, 19, 709
List the prime factors of 336216.
2, 3, 14009
What are the prime factors of 141032?
2, 17, 61
List the prime factors of 447694.
2, 13, 67, 257
List the prime factors of 505422.
2, 3, 43, 653
List the prime factors of 4785166.
2, 1487, 1609
What are the prime factors of 446654?
2, 13, 41, 419
What are the prime factors of 6124?
2, 1531
What are the prime factors of 1435662?
2, 3, 47, 1697
What are the prime factors of 360351?
3, 40039
What are the prime factors of 6389095?
5, 1277819
List the prime factors of 3726055.
5, 631, 1181
List the prime factors of 786994.
2, 13, 30269
What are the prime factors of 277879?
7, 53, 107
List the prime factors of 4364810.
2, 5, 436481
List the prime factors of 2441018.
2, 823, 1483
What are the prime factors of 672602?
2, 7, 107, 449
List the prime factors of 2457789.
3, 819263
What are the prime factors of 23912051?
19, 59, 83, 257
What are the prime factors of 372357?
3, 4597
What are the prime factors of 828576?
2, 3, 7, 137
What are the prime factors of 8093?
8093
List the prime factors of 909415.
5, 13, 17, 823
List the prime factors of 5821685.
5, 433, 2689
List the prime factors of 25147210.
2, 5, 11, 228611
List the prime factors of 11129982.
2, 3, 1854997
List the prime factors of 3146645.
5, 29, 21701
What are the prime factors of 145814?
2, 72907
List the prime factors of 4188470.
2, 5, 11, 13, 29, 101
What are the prime factors of 106454?
2, 17, 31, 101
What are the prime factors of 6839148?
2, 3, 193, 2953
List the prime factors of 4621647.
3, 59, 26111
What are the prime factors of 548437?
17, 32261
List the prime factors of 648607.
648607
List the prime factors of 502479.
3, 31, 1801
What are the prime factors of 10313022?
2, 3, 47, 36571
What are the prime factors of 22722751?
431, 52721
List the prime factors of 431434.
2, 23, 83, 113
List the prime factors of 887788.
2, 11, 20177
What are the prime factors of 1381326?
2, 3, 230221
What are the prime factors of 2225843?
73, 30491
List the prime factors of 559199.
23, 41, 593
What are the prime factors of 8872280?
2, 5, 221807
What are the prime factors of 751177?
7, 239, 449
What are the prime factors of 22929190?
2, 5, 2292919
List the prime factors of 1143782.
2, 197, 2903
What are the prime factors of 231948?
2, 3, 17, 379
What are the prime factors of 7265830?
2, 5, 11, 13, 5081
What are the prime factors of 18394089?
3, 7, 23, 38083
List the prime factors of 4749516.
2, 3, 107, 137
List the prime factors of 305163.
3, 41, 827
List the prime factors of 715779.
3, 79531
What are the prime factors of 63548?
2, 15887
What are the prime factors of 9372650?
2, 5, 7, 61, 439
List the prime factors of 5853369.
3, 1951123
List the prime factors of 86896.
2, 5431
List the prime factors of 4333291.
953, 4547
What are the prime factors of 228059?
13, 53, 331
List the prime factors of 15119467.
11, 1374497
List the prime factors of 83128.
2, 10391
List the prime factors of 23713097.
29, 787, 1039
List the prime factors of 51510.
2, 3, 5, 17, 101
List the prime factors of 3816035.
5, 43, 17749
What are the prime factors of 10942988?
2, 7, 390821
List the prime factors of 14185237.
11, 1289567
What are the prime factors of 25859025?
3, 5, 281, 409
List the prime factors of 1617456.
2, 3, 31, 1087
List the prime factors of 696151.
193, 3607
What are the prime factors of 4995622?
2, 2497811
What are the prime factors of 10423525?
5, 7, 67, 127
List the prime factors of 765017.
11, 17, 4091
What are the prime factors of 772609?
89, 8681
What are the prime factors of 5998615?
5, 7, 367, 467
List the prime factors of 1834983.
3, 31, 6577
What are the prime factors of 731024?
2, 7, 61, 107
List the prime factors of 3516057.
3, 390673
What are the prime factors of 3156925?
5, 197, 641
List the prime factors of 42571.
42571
List the prime factors of 1102035.
3, 5, 11, 6679
What are the prime factors of 300325?
5, 41, 293
What are the prime factors of 405554?
2, 202777
Wha